{"id":218,"date":"2012-09-09T12:55:56","date_gmt":"2012-09-09T10:55:56","guid":{"rendered":"http:\/\/mokolodi.luetkens.com\/?page_id=218"},"modified":"2017-12-19T11:20:39","modified_gmt":"2017-12-19T09:20:39","slug":"das-mokolodi-nature-reserve","status":"publish","type":"page","link":"https:\/\/mokolodi.luetkens.com\/?page_id=218","title":{"rendered":"Das Mokolodi Nature Reserve"},"content":{"rendered":"<p><em>Die &#8222;Mokolodi Wildlife Foundation&#8220; wurde im Jahr 1991 mit dem Ziel einer F\u00f6rderung der Wildlife Conservation und Umweltbildung f\u00fcr die Kinder von Botsuana gegruendet. Das erste Projekt der Stiftung war die Schaffung des Mokolodi Nature Reserve im Jahr 1994 auf 30 km \u00b2\u00a0gespendeten Landes au\u00dferhalb Gaborone, der Hauptstadt von Botswana.<\/em><\/p>\n<p><em>Zus\u00e4tzlich zu nat\u00fcrlich vorkommenden Tierarten wie Warzenschweine, Steinb\u00f6ckchen, Kudu und eine Vielzahl von Schlangen, wurden mehrere Arten neu eingef\u00fchrt, zB Zebra, Giraffe, Eland, Strau\u00df, Nilpferde und Nash\u00f6rner.<\/em><\/p>\n<p><em>In einer kurzen Zeit der\u00a0finanziellen und moralischen Unterst\u00fctzung\u00a0lokaler und internationaler Unternehmen, hat sich das Reserve zu einem national anerkannten Bildungs-und Conservation-entwickelt. Das Reserve ist jetzt nicht nur Heimat einer Vielfalt von Flora und Fauna,\u00a0sondern auch eines von zwei Wildtier Sanctuaries in Botsuana.Durch sein Umsiedlungsprogramm fuer\u00a0das wei\u00dfe\u00a0Nashorn\u00a0ermoeglichte Mokolodi die erneute Einf\u00fchrung des \u201cWhite Rhino\u201d im Okavango Gebiet (n\u00f6rdlicherTeil von Botswana). <\/em><em>Seither sind mehr dieser Nashoerner dort angesiedelt worden.<\/em><\/p>\n<p><em>Mokolodi hat die erste Wild Cheetah Transit-Station\u00a0 des Landes\u00a0f\u00fcr zwei\u201dProblem\u201d-Geparden, die durch Viehz\u00fcchter gebracht wurden. Hinzu kamen vier junge, verwaiste afrikanische Elefanten,\u00a0 die in einem Joint Venture Projekt mit dem Serendib Elephant Orphanage im Park spez. fuer die Arbeit im Busch ausgebildet wurden.<\/em><\/p>\n<p><em>Diese und andere Wild- und Naturschutz-Projekte werden jedes Jahr\u00a0im Park bei der Formulierung eines umfassenden Umwelt-Bildungs-Programms f\u00fcr Tausende von Schulkindern\u00a0mit\u00a0unterschiedlichem Bildungsnive genutzt.\u00a0Das Education Centre Centre ist mit Schlafgelegenheit\u00a0\u00a0f\u00fcr gleichzeitig\u00a0 bis zu 80 Kinder ausgestattet. Gut qualifizierte Mitarbeiter nutzen die \u201cKlassenzimmer im Freien\u201d um lokalen Kinder Liebe zur Natur, und ein Gef\u00fchl des Eigentums an Botswana\u2019s nationalen Kulturguts zu vermitteln.<\/em><\/p>\n<p><em>Die Philosophie hinter dem Mokolodi Nature Reserve ist, dass Einkommen aus dem Tourismus und die nachhaltige Nutzung von wild lebenden Tieren und der nat\u00fcrlichen Ressourcen zur Subventionierung der Projekte und zur Erhaltung des Umwelt-Bildungs-Programms dient.<\/em><\/p>\n<p><em>Nach anfaenglichen Schwierigkeiten ist dies\u00a0nun erreicht, und jetzt deckt Mokolodi\u00a0seine laufenden Kosten.<\/em><\/p>\n<p>&nbsp;<\/p>\n","protected":false},"excerpt":{"rendered":"<p>Die &#8222;Mokolodi Wildlife Foundation&#8220; wurde im Jahr 1991 mit dem Ziel einer F\u00f6rderung der Wildlife Conservation und Umweltbildung f\u00fcr die Kinder von Botsuana gegruendet. Das erste Projekt der Stiftung war die Schaffung des Mokolodi Nature Reserve im Jahr 1994 auf &hellip; <a href=\"https:\/\/mokolodi.luetkens.com\/?page_id=218\">Weiterlesen <span class=\"meta-nav\">&rarr;<\/span><\/a><\/p>\n","protected":false},"author":1,"featured_media":0,"parent":187,"menu_order":4,"comment_status":"closed","ping_status":"open","template":"","meta":{"footnotes":""},"class_list":["post-218","page","type-page","status-publish","hentry"],"_links":{"self":[{"href":"https:\/\/mokolodi.luetkens.com\/index.php?rest_route=\/wp\/v2\/pages\/218","targetHints":{"allow":["GET"]}}],"collection":[{"href":"https:\/\/mokolodi.luetkens.com\/index.php?rest_route=\/wp\/v2\/pages"}],"about":[{"href":"https:\/\/mokolodi.luetkens.com\/index.php?rest_route=\/wp\/v2\/types\/page"}],"author":[{"embeddable":true,"href":"https:\/\/mokolodi.luetkens.com\/index.php?rest_route=\/wp\/v2\/users\/1"}],"replies":[{"embeddable":true,"href":"https:\/\/mokolodi.luetkens.com\/index.php?rest_route=%2Fwp%2Fv2%2Fcomments&post=218"}],"version-history":[{"count":8,"href":"https:\/\/mokolodi.luetkens.com\/index.php?rest_route=\/wp\/v2\/pages\/218\/revisions"}],"predecessor-version":[{"id":1371,"href":"https:\/\/mokolodi.luetkens.com\/index.php?rest_route=\/wp\/v2\/pages\/218\/revisions\/1371"}],"up":[{"embeddable":true,"href":"https:\/\/mokolodi.luetkens.com\/index.php?rest_route=\/wp\/v2\/pages\/187"}],"wp:attachment":[{"href":"https:\/\/mokolodi.luetkens.com\/index.php?rest_route=%2Fwp%2Fv2%2Fmedia&parent=218"}],"curies":[{"name":"wp","href":"https:\/\/api.w.org\/{rel}","templated":true}]}}